the highest common factor of 17 and f?
17
Let t(r) = -2*r**3 + 4*r**2 - 36*r - 162. Let c be t(-4). What is the greatest common divisor of c and 2494?
58
Let m(a) = 25*a - 264. Let i be m(17). Calculate the greatest common factor of i and 28.
7
Suppose -74*q + 148565 = -95091 + 30758. Calculate the greatest common divisor of 21 and q.
21
Let a be -4*4/(-8)*-2. Let d be 18*(2 + 30/(-9))/a. Suppose -d*g + 2*g + 24 = 0. What is the highest common divisor of 6 and g?
6
Suppose -13*j + 4 + 35 = 0. Suppose 2*f - 28 = f - 5*p, j*p - 180 = -4*f. What is the greatest common factor of 80 and f?
16
Suppose 4*s + 79 + 7 = 3*k, 2*s = -4*k + 122. Suppose -5*i = -0*i - 4*h + 119, -3*h - 66 = 2*i. Let f = i + k. Calculate the greatest common divisor of f and 1.
1
Let u(y) = -63*y**3 - y**2 + 1. Let b be u(-1). Suppose 4*z = 9*z + 5. Let s(o) = 11*o + 18. Let j be s(z). What is the greatest common factor of b and j?
7
Let v = -119 - -124. Suppose -p = 5, 4*p + 10 = -v*o - 0*p. What is the highest common divisor of o and 7?
1
Suppose 9804 = -o + 9849. Let n = 172 - 64. Let i = n + o. What is the greatest common divisor of i and 17?
17
Suppose -3*f + 58 = -542. Let v be (12/(-9) - -3)/(23/345). What is the highest common factor of v and f?
25
Let g(s) = s**3 - 13*s**2 + 45*s - 12. Let k be g(7). Let j(f) = 36*f + 124. Let d be j(k). What is the greatest common divisor of d and 7?
7
Suppose 5*o = -25, -4*o + 3 = 6*q - 1. Let l(r) = r**3 + 11*r**2 + 5*r - 2. Let w be l(-6). What is the greatest common divisor of w and q?
4
Let t = -7771 - -7820. What is the greatest common factor of t and 4753?
49
Let i = -355 - -418. Suppose a - i = w, a - 34 - 11 = -5*w. Calculate the greatest common divisor of 80 and a.
20
Suppose -331 = -2*i + 21. Let v = -313 - -345. What is the greatest common factor of v and i?
16
Let v(p) = -p**3 - 13*p**2 - 12*p + 8. Let d be v(-12). Suppose 0 = -d*y + 240 + 192. Suppose 0 = -2*u + 75 - 3. What is the highest common divisor of u and y?
18
Let n = 273 - 176. Let m = 94 - n. Let c be (m - -51)*15/12. Calculate the greatest common factor of 20 and c.
20
Suppose -4*t = -4*c + 4, -2*t - 7*c + 3 = -8*c. Suppose 4*p - 5*w = 89, 0 = t*p + w + 2 - 109. Calculate the greatest common divisor of 78 and p.
26
Let j = 38 + -38. Suppose 5*r + 2*r + 154 = j. Let f be (4 - r/(-6))*21. What is the greatest common factor of f and 14?
7
Let i be 2*10/6*(-1 + -2). Let z be (-16)/i + (-9)/15. Suppose -5*a = 205 - 225. Calculate the greatest common factor of z and a.
1
Let f = 2899 - 2332. What is the highest common divisor of f and 5751?
81
Let a(z) = 4*z + 644. Let k be a(-83). Calculate the highest common factor of k and 221.
13
Let u = 44 - 42. Suppose -2*j + 8 = 5*q - 3*q, -8 = -u*q + j. Let s be 12*q/24*2. Calculate the greatest common factor of 8 and s.
4
Let v be (-38)/133 - ((-898)/7 - 0). Let q = 135 - v. Let b(d) = 22*d**3 - 2*d + 1. Let r be b(1). Calculate the highest common divisor of r and q.
7
Let r(j) = -21*j + 100. Let m be r(5). Let n be ((-18)/m)/(((-42)/(-20))/7). What is the greatest common divisor of n and 9?
3
Let l = 228 - 192. Suppose l*d - 45*d = -63. What is the highest common divisor of 56 and d?
7
Suppose -2*x + 239 + 425 = 0. Suppose -11*j - 68*j = -13*j - 264. Calculate the greatest common divisor of x and j.
4
Let z be -6 - (0 - 6) - -1. Let b be 1 + 20 + (z - (-4 + 4)). What is the greatest common divisor of b and 121?
11
Let s(a) = a**3 - 92*a**2 + 82*a + 1607. Let k be s(91). Calculate the greatest common factor of 12 and k.
4
Let z = 37 + -22. Let y(h) = h**3 - 17*h**2 + 30*h + 10. Let t be y(z). Let p be 15*(15/9 - 0). Calculate the greatest common factor of p and t.
5
Suppose 803 = 4*c - 3*x, -5*c - x = 2*x - 1024. Let t = 216 - c. What is the highest common divisor of 429 and t?
13
Suppose 27*q - 63*q + 2592 = 0. Calculate the greatest common divisor of 696 and q.
24
Let k = 161 + -129. Suppose 33*t = k*t - 102. Let y = -60 - t. What is the highest common factor of 6 and y?
6
Let j be 99 + (12/22 - (-130)/286). Calculate the highest common divisor of 425 and j.
25
Let v(c) = -15*c - 114. Let z be ((-6)/(-36)*-4)/(2/27). Let j be v(z). Let i be 1 - 4*(-12)/1. What is the highest common divisor of i and j?
7
Let r(b) = -4*b**3 + 210*b**2 + 110*b - 198. Let p be r(53). Calculate the greatest common divisor of 334 and p.
2
Let p(r) = 4*r**2 - r + 2. Let w be p(-2). Suppose -50*k + 32 = -42*k. Suppose -150*o = -152*o + k. Calculate the highest common divisor of o and w.
2
Let y be 986*1 - (-107 - -109). Calculate the highest common divisor of y and 156.
12
Let a be 22 + -18 + (3 - -3). Let u be 33*(-2 + (-16)/(-6)). Suppose -2*m + u = k, -k + 0*m = -3*m - 42. What is the highest common factor of a and k?
10
Suppose 903*g = 885*g + 15678. Calculate the highest common factor of 78 and g.
13
Suppose -3*z - 18*z = 3*z - 2400. What is the greatest common factor of z and 80?
20
Let f = -42 - -45. Suppose 0 = -5*w + f*w, w = a - 5. Suppose -d + 58 = 13. What is the greatest common divisor of a and d?
5
Let y(q) = q**3 + 2*q**2 - 21*q - 10. Let h be y(-6). Let z be (3328/h)/(-4) + (-12)/(-42). What is the greatest common divisor of z and 75?
15
Let i = -6666 + 6701. What is the highest common factor of 2401 and i?
7
Suppose -2 = -2*l + 14. Suppose 3*y + 2*g = 0, 9*y - l*y + g + 1 = 0. Suppose -y*b = -22 - 0. Calculate the greatest common divisor of 11 and b.
11
Let a(d) = 2*d**2 + 57*d + 95. Let j be a(-27). Suppose -r = -5*p + 280, -3*p = 2*p - 3*r - 280. What is the highest common factor of j and p?
14
Suppose 0 = -2*q - 4*q - 18. Let h be 14034*6/108 + (-1)/q. Calculate the greatest common factor of h and 12.
12
Let k = 7440 - 7141. What is the greatest common factor of k and 312?
13
Suppose 6*w - 1 = -1. Suppose p + 9 - 40 = w. Suppose 2*s = 4*u + s - 989, 3*s - 9 = 0. Calculate the greatest common divisor of p and u.
31
Let s = -640 + 738. Let c(m) = 11*m**2 + 3*m + 3. Let k be c(-2). Let x = -27 + k. Calculate the greatest common divisor of s and x.
14
Suppose -325205 = -15*j - 51965. Calculate the highest common divisor of 207 and j.
207
Let u = 1532 + -1455. What is the greatest common factor of 105 and u?
7
Suppose 0 = -2*g + 4*g - 2*u - 312, 3*g + 5*u - 508 = 0. Let b = g + -125. Let s be 1*(b - (-12)/4). What is the greatest common divisor of s and 52?
13
Let v = 140 + -55. Suppose 246 = 4*k - 222. Let b = k + -100. Calculate the highest common factor of b and v.
17
Let k be 2/(-8) - (-6174)/24. Let y = -216 + k. Calculate the greatest common factor of 41 and y.
41
Let s = -7 + 15. Let k(h) = 232 - 4*h + 7*h + 10*h - 2*h. Let b be k(-20). What is the greatest common divisor of b and s?
4
Suppose -38*c + 469409 = 58*c + 11*c. Calculate the highest common factor of c and 107.
107
Let l = -23135 - -44944. What is the greatest common factor of 193 and l?
193
Suppose -22*f - 10 = -27*f. Let c = -50 - -116. Calculate the highest common divisor of c and f.
2
Suppose -9*k = -12*k + 171. Let y = -89 - -136. Let h = k - y. What is the greatest common factor of h and 20?
10
Suppose -75*h = -145*h + 1540. Calculate the greatest common divisor of 242 and h.
22
Let n = 123427 - 84907. What is the highest common divisor of n and 120?
120
Suppose -5*o - 15 = -8*o. Let a be (4 + -4)/(-8) - -4. Suppose -o*f + 39 = -a*f. Calculate the highest common factor of 26 and f.
13
Let n(y) = 11 + 12 + 12*y**2 - 19 - 5*y. Let z be n(1). Let i = 46 - z. Calculate the greatest common divisor of i and 7.
7
Suppose -24*b + 60588 = 20*b. Calculate the greatest common divisor of b and 102.
51
Suppose 4*s - 480 = -3*x, 3*x = -3*s + 5*s + 444. Calculate the highest common factor of 2 and x.
2
Let d = -337 + 574. Suppose 12*o - d = 9*o. Let t = o + -17. Calculate the greatest common factor of 155 and t.
31
Let c(h) = -23*h + 78. Let z = -8 - -2. Let g be c(z). Let a = -65 + 92. What is the greatest common factor of a and g?
27
Let m = 344 + -335. Let z be 1515/24 + (-5)/40. Calculate the highest common divisor of z and m.
9
Let w be (-11)/22 - 38*21/(-12). Let d be 388/6 + (-110)/w. What is the greatest common factor of 18 and d?
9
Suppose -2*y = -2*v - 24 - 4, -2*y + 22 = 4*v. Let m be (-2 - 7)*3/(-9) + y. Suppose 0*l + 4*l = 16. What is the highest commo